{"id":2503,"date":"2024-03-24T23:20:25","date_gmt":"2024-03-24T22:20:25","guid":{"rendered":"https:\/\/www.johanbjorklund.se\/?page_id=2503"},"modified":"2024-03-26T21:49:56","modified_gmt":"2024-03-26T20:49:56","slug":"sara-alden-there-is-no-future-2024","status":"publish","type":"page","link":"https:\/\/www.johanbjorklund.se\/index.php\/skivor\/sara-alden-there-is-no-future-2024\/","title":{"rendered":"Sara Ald\u00e9n &#8211; There Is No Future 2024"},"content":{"rendered":"\n<figure class=\"wp-block-image size-large is-resized is-style-default\"><a href=\"https:\/\/www.johanbjorklund.se\/wp\/wp-content\/uploads\/2024\/03\/Sara-Alden-Theres-no-future-cover-front.jpg\"><img decoding=\"async\" loading=\"lazy\" width=\"1024\" height=\"1024\" src=\"https:\/\/www.johanbjorklund.se\/wp\/wp-content\/uploads\/2024\/03\/Sara-Alden-Theres-no-future-cover-front-1024x1024.jpg\" alt=\"\" class=\"wp-image-2504\" style=\"object-fit:cover;width:600px;height:600px\" srcset=\"https:\/\/www.johanbjorklund.se\/wp\/wp-content\/uploads\/2024\/03\/Sara-Alden-Theres-no-future-cover-front-1024x1024.jpg 1024w, https:\/\/www.johanbjorklund.se\/wp\/wp-content\/uploads\/2024\/03\/Sara-Alden-Theres-no-future-cover-front-300x300.jpg 300w, https:\/\/www.johanbjorklund.se\/wp\/wp-content\/uploads\/2024\/03\/Sara-Alden-Theres-no-future-cover-front-150x150.jpg 150w, https:\/\/www.johanbjorklund.se\/wp\/wp-content\/uploads\/2024\/03\/Sara-Alden-Theres-no-future-cover-front-768x768.jpg 768w, https:\/\/www.johanbjorklund.se\/wp\/wp-content\/uploads\/2024\/03\/Sara-Alden-Theres-no-future-cover-front-100x100.jpg 100w, https:\/\/www.johanbjorklund.se\/wp\/wp-content\/uploads\/2024\/03\/Sara-Alden-Theres-no-future-cover-front.jpg 1080w\" sizes=\"(max-width: 767px) 89vw, (max-width: 1000px) 54vw, (max-width: 1071px) 543px, 580px\" \/><\/a><\/figure>\n\n\n\n<figure class=\"wp-block-embed is-type-rich is-provider-spotify wp-block-embed-spotify wp-embed-aspect-21-9 wp-has-aspect-ratio\"><div class=\"wp-block-embed__wrapper\">\n<iframe title=\"Spotify Embed: There Is No Future\" style=\"border-radius: 12px\" width=\"100%\" height=\"352\" frameborder=\"0\" allowfullscreen allow=\"autoplay; clipboard-write; encrypted-media; fullscreen; picture-in-picture\" loading=\"lazy\" src=\"https:\/\/open.spotify.com\/embed\/album\/2S8VDHLV2iMctcVI5z9zU9?si=FBiKygfWTNqtGHd_aG4oAg&#038;utm_source=oembed\"><\/iframe>\n<\/div><\/figure>\n\n\n\n<p>Release date 22 March 2024. Label: Naxos Jazz.<br>Recorded by Johannes Lundberg at Studio Epidemin, Gothenburg.<br>Mix and master by Johannes Lundberg.<br>Cover photography by Stina Ald\u00e9n.<br>Producer and co-producers: Sara Ald\u00e9n, August Bj\u00f6rn &amp; Johannes Lundberg.<br>With support from the Swedish Art Council.<br><br><em>&#8221;An album about fear, about trying to navigate in a world where an actual future seems more and more distant, where climate change and war speaks a clear language. The future we want is something we have to participate in creating. Actively.&#8221;<\/em><br>Sara Ald\u00e9n<br><br>Jazz on life and death! In There Is No Future, Swedish jazz singer Sara Ald\u00e9n makes her album debut with self-written music and arranged jazz standards with a focus on grand crescendos and vulnerable intimacy. She creates jazz as if her life<br>depended on it where the question of the end of everything is allowed to exist, the small endings and the big ones. Sara Ald\u00e9n and her trio present a musical sinkhole in the ongoing history of jazz, where doom-filled and intimate compositions alternate with dizzying arpeggios and dystopian and lyrical sound worlds.<\/p>\n\n\n\n<h2 class=\"wp-block-heading\">MUSICIANS<\/h2>\n\n\n\n<p>Sara Ald\u00e9n &#8211; Voice: <br>August Bj\u00f6rn &#8211; piano<br>Daniel Andersson &#8211; double bass:<br>Hannes Bennich &#8211; alto saxophone<br>Malin Kjellgren &#8211; harp<br>Johan Bj\u00f6rklund &#8211; drums<br>August Bj\u00f6rn, Daniel Andersson &amp; Johannes Lundberg &#8211; choir<\/p>\n\n\n\n<h2 class=\"wp-block-heading\">BUY MUSIC<\/h2>\n\n\n\n<p><a href=\"https:\/\/music.apple.com\/se\/album\/there-is-no-future\/1734432551\" data-type=\"link\" data-id=\"https:\/\/music.apple.com\/se\/album\/there-is-no-future\/1734432551\">Apple Music<\/a><br><a href=\"https:\/\/naxosdirect.se\/items\/there-is-no-future-1212809?fbclid=IwAR2sFY6CfiOJW0qTWxXAVWxNouP8ufYUcbu8EiIw_6anWdGx4ApLa2JjeKY\" data-type=\"link\" data-id=\"https:\/\/naxosdirect.se\/items\/there-is-no-future-1212809?fbclid=IwAR2sFY6CfiOJW0qTWxXAVWxNouP8ufYUcbu8EiIw_6anWdGx4ApLa2JjeKY\">Naxos Jazz (CD)<\/a><\/p>\n","protected":false},"excerpt":{"rendered":"<p>Release date 22 March 2024. Label: Naxos Jazz.Recorded by Johannes Lundberg at Studio Epidemin, Gothenburg.Mix and master by Johannes Lundberg.Cover photography by Stina Ald\u00e9n.Producer and co-producers: Sara Ald\u00e9n, August Bj\u00f6rn &amp; Johannes Lundberg.With support from the Swedish Art Council. &#8221;An album about fear, about trying to navigate in a world where an actual future seems &hellip; <\/p>\n<p class=\"link-more\"><a href=\"https:\/\/www.johanbjorklund.se\/index.php\/skivor\/sara-alden-there-is-no-future-2024\/\" class=\"more-link\">Forts\u00e4tt l\u00e4sa<span class=\"screen-reader-text\"> &#8221;Sara Ald\u00e9n &#8211; There Is No Future 2024&#8221;<\/span><\/a><\/p>\n","protected":false},"author":1,"featured_media":0,"parent":9,"menu_order":-6,"comment_status":"closed","ping_status":"closed","template":"","meta":{"footnotes":""},"_links":{"self":[{"href":"https:\/\/www.johanbjorklund.se\/index.php\/wp-json\/wp\/v2\/pages\/2503"}],"collection":[{"href":"https:\/\/www.johanbjorklund.se\/index.php\/wp-json\/wp\/v2\/pages"}],"about":[{"href":"https:\/\/www.johanbjorklund.se\/index.php\/wp-json\/wp\/v2\/types\/page"}],"author":[{"embeddable":true,"href":"https:\/\/www.johanbjorklund.se\/index.php\/wp-json\/wp\/v2\/users\/1"}],"replies":[{"embeddable":true,"href":"https:\/\/www.johanbjorklund.se\/index.php\/wp-json\/wp\/v2\/comments?post=2503"}],"version-history":[{"count":2,"href":"https:\/\/www.johanbjorklund.se\/index.php\/wp-json\/wp\/v2\/pages\/2503\/revisions"}],"predecessor-version":[{"id":2506,"href":"https:\/\/www.johanbjorklund.se\/index.php\/wp-json\/wp\/v2\/pages\/2503\/revisions\/2506"}],"up":[{"embeddable":true,"href":"https:\/\/www.johanbjorklund.se\/index.php\/wp-json\/wp\/v2\/pages\/9"}],"wp:attachment":[{"href":"https:\/\/www.johanbjorklund.se\/index.php\/wp-json\/wp\/v2\/media?parent=2503"}],"curies":[{"name":"wp","href":"https:\/\/api.w.org\/{rel}","templated":true}]}}

Sara Aldén &#8211; There Is No Future 2024

<figure class="wp-block-image size-large is-resized is-style-default"><a href="https://www.johanbjorklund.se/wp/wp-content/uploads/2024/03/Sara-Alden-Theres-no-future-cover-front.jpg"><img decoding="async" loading="lazy" width="1024" height="1024" src="https://www.johanbjorklund.se/wp/wp-content/uploads/2024/03/Sara-Alden-Theres-no-future-cover-front-1024x1024.jpg" alt="" class="wp-image-2504" style="object-fit:cover;width:600px;height:600px" srcset="https://www.johanbjorklund.se/wp/wp-content/uploads/2024/03/Sara-Alden-Theres-no-future-cover-front-1024x1024.jpg 1024w, https://www.johanbjorklund.se/wp/wp-content/uploads/2024/03/Sara-Alden-Theres-no-future-cover-front-300x300.jpg 300w, https://www.johanbjorklund.se/wp/wp-content/uploads/2024/03/Sara-Alden-Theres-no-future-cover-front-150x150.jpg 150w, https://www.johanbjorklund.se/wp/wp-content/uploads/2024/03/Sara-Alden-Theres-no-future-cover-front-768x768.jpg 768w, https://www.johanbjorklund.se/wp/wp-content/uploads/2024/03/Sara-Alden-Theres-no-future-cover-front-100x100.jpg 100w, https://www.johanbjorklund.se/wp/wp-content/uploads/2024/03/Sara-Alden-Theres-no-future-cover-front.jpg 1080w" sizes="(max-width: 767px) 89vw, (max-width: 1000px) 54vw, (max-width: 1071px) 543px, 580px" /></a></figure>



<figure class="wp-block-embed is-type-rich is-provider-spotify wp-block-embed-spotify wp-embed-aspect-21-9 wp-has-aspect-ratio"><div class="wp-block-embed__wrapper">
<iframe title="Spotify Embed: There Is No Future" style="border-radius: 12px" width="100%" height="352" frameborder="0" allowfullscreen allow="autoplay; clipboard-write; encrypted-media; fullscreen; picture-in-picture" loading="lazy" src="https://open.spotify.com/embed/album/2S8VDHLV2iMctcVI5z9zU9?si=FBiKygfWTNqtGHd_aG4oAg&#038;utm_source=oembed"></iframe>
</div></figure>



<p>Release date 22 March 2024. Label: Naxos Jazz.<br>Recorded by Johannes Lundberg at Studio Epidemin, Gothenburg.<br>Mix and master by Johannes Lundberg.<br>Cover photography by Stina Aldén.<br>Producer and co-producers: Sara Aldén, August Björn &amp; Johannes Lundberg.<br>With support from the Swedish Art Council.<br><br><em>&#8221;An album about fear, about trying to navigate in a world where an actual future seems more and more distant, where climate change and war speaks a clear language. The future we want is something we have to participate in creating. Actively.&#8221;</em><br>Sara Aldén<br><br>Jazz on life and death! In There Is No Future, Swedish jazz singer Sara Aldén makes her album debut with self-written music and arranged jazz standards with a focus on grand crescendos and vulnerable intimacy. She creates jazz as if her life<br>depended on it where the question of the end of everything is allowed to exist, the small endings and the big ones. Sara Aldén and her trio present a musical sinkhole in the ongoing history of jazz, where doom-filled and intimate compositions alternate with dizzying arpeggios and dystopian and lyrical sound worlds.</p>



<h2 class="wp-block-heading">MUSICIANS</h2>



<p>Sara Aldén &#8211; Voice: <br>August Björn &#8211; piano<br>Daniel Andersson &#8211; double bass:<br>Hannes Bennich &#8211; alto saxophone<br>Malin Kjellgren &#8211; harp<br>Johan Björklund &#8211; drums<br>August Björn, Daniel Andersson &amp; Johannes Lundberg &#8211; choir</p>



<h2 class="wp-block-heading">BUY MUSIC</h2>



<p><a href="https://music.apple.com/se/album/there-is-no-future/1734432551" data-type="link" data-id="https://music.apple.com/se/album/there-is-no-future/1734432551">Apple Music</a><br><a href="https://naxosdirect.se/items/there-is-no-future-1212809?fbclid=IwAR2sFY6CfiOJW0qTWxXAVWxNouP8ufYUcbu8EiIw_6anWdGx4ApLa2JjeKY" data-type="link" data-id="https://naxosdirect.se/items/there-is-no-future-1212809?fbclid=IwAR2sFY6CfiOJW0qTWxXAVWxNouP8ufYUcbu8EiIw_6anWdGx4ApLa2JjeKY">Naxos Jazz (CD)</a></p>

<p>Release date 22 March 2024. Label: Naxos Jazz.Recorded by Johannes Lundberg at Studio Epidemin, Gothenburg.Mix and master by Johannes Lundberg.Cover photography by Stina Aldén.Producer and co-producers: Sara Aldén, August Björn &amp; Johannes Lundberg.With support from the Swedish Art Council. &#8221;An album about fear, about trying to navigate in a world where an actual future seems &hellip; </p>
<p class="link-more"><a href="https://www.johanbjorklund.se/index.php/skivor/sara-alden-there-is-no-future-2024/" class="more-link">Fortsätt läsa<span class="screen-reader-text"> &#8221;Sara Aldén &#8211; There Is No Future 2024&#8221;</span></a></p>
