{"id":156,"date":"2012-09-25T15:31:49","date_gmt":"2012-09-25T13:31:49","guid":{"rendered":"http:\/\/www.johanbjorklund.se\/?page_id=156"},"modified":"2023-08-17T15:11:06","modified_gmt":"2023-08-17T13:11:06","slug":"mess-onwards","status":"publish","type":"page","link":"https:\/\/www.johanbjorklund.se\/index.php\/skivor\/mess-onwards\/","title":{"rendered":"Mess \u2013 &#8221;Onwards&#8221; 2009"},"content":{"rendered":"<p>(IGCD 158) Release 26\/8 2009<br \/>\nRecorded and mixed by Johannes Lundberg, Studio Epidemin, Gothenburg 2007-2008. Label: <a href=\"http:\/\/www.imogena.se\/\" target=\"_blank\" rel=\"noopener noreferrer\">Imogena Records<\/a><\/p>\n<h2>Musicians<\/h2>\n<ul>\n<li>Johan Bj\u00f6rklund &#8211; drums<\/li>\n<li>Andreas Hall &#8211; saxophone<\/li>\n<li>Joakim Rolandsson &#8211; saxophone<\/li>\n<li>Klas Nilsson &#8211; trumpet<\/li>\n<li>Johannes Lundberg &#8211; bas, keyboards, voice<\/li>\n<li>Thomas Gunillasson &#8211; guitar<\/li>\n<li>Klas-Henrik H\u00f6rngren &#8211; keyboards<\/li>\n<li>Maria Bj\u00f6rklund &#8211; voice<\/li>\n<li>Lisen Rylander &#8211; voice<\/li>\n<\/ul>\n<h2>Buy<\/h2>\n<ul>\n<li>CD: 120 sek, incl postage (Scandinavia). Order <a href=\"mailto:johan@johanbjorklund.se\">here<\/a>.<\/li>\n<li><a href=\"https:\/\/itunes.apple.com\/se\/album\/on-wards\/id333678674\" target=\"_blank\" rel=\"noopener noreferrer\">Download<\/a><\/li>\n<\/ul>\n<h2>Words from the press (Swedish)<\/h2>\n<blockquote><p>&#8221;Ett eftert\u00e4nksamt och lyh\u00f6rt kollektivt arbete p\u00e5 b\u00e5da sidor om gr\u00e4nsen mellan komponerat och fritt\u2026 Modern, nordisk jazz, f\u00e5r man nog \u00e4nd\u00e5 kalla det.&#8221;<\/p><\/blockquote>\n<p>Johannes Cornell, DN<\/p>\n<blockquote><p>&#8221;Ett sorts forskningsarbete med framtidsperspektiv p\u00e5 m\u00f6jliga v\u00e4gar f\u00f6r integrerande mellan strikt komposition och improvisation. Bj\u00f6rklund g\u00f6r musik med egen identitet och har tillg\u00e5ng till musiker som f\u00f6rst\u00e5r intentionerna och kan l\u00e4mna v\u00e4sentliga bidrag till helheten. Somliga kan kanske ha sv\u00e5rt att kategorisera musiken som jazz om den avlyssnas genom traditonella raster. Intressant, genomarbetad musik \u00e4r det i alla h\u00e4ndelser fr\u00e5ga om; ett klingande debattinl\u00e4gg om man s\u00e5 vill.&#8221;<\/p><\/blockquote>\n<p>Johnny Olsson, Nya Wermlandstidningen<\/p>\n<blockquote><p>&#8221;Styckena \u00e4r korta och koncisa, detaljrika men samtidigt avskalade och lite r\u00e5a. Bj\u00f6rklunds trummor finns lite \u00f6verallt i ljudbilden och h\u00e5ller samman, driver och d\u00e4mmer upp fl\u00f6det. F\u00f6r det \u00e4r just ett fl\u00f6de av id\u00e9er\u2026 Det \u00e4r just antagandet av utmaningarna som g\u00f6r gruppen sp\u00e4nnande och egensinnig.&#8221;<\/p><\/blockquote>\n<p>Ulf Thelander, Orkesterjournalen<\/p>\n","protected":false},"excerpt":{"rendered":"<p>(IGCD 158) Release 26\/8 2009 Recorded and mixed by Johannes Lundberg, Studio Epidemin, Gothenburg 2007-2008. Label: Imogena Records Musicians Johan Bj\u00f6rklund &#8211; drums Andreas Hall &#8211; saxophone Joakim Rolandsson &#8211; saxophone Klas Nilsson &#8211; trumpet Johannes Lundberg &#8211; bas, keyboards, voice Thomas Gunillasson &#8211; guitar Klas-Henrik H\u00f6rngren &#8211; keyboards Maria Bj\u00f6rklund &#8211; voice Lisen Rylander &hellip; <\/p>\n<p class=\"link-more\"><a href=\"https:\/\/www.johanbjorklund.se\/index.php\/skivor\/mess-onwards\/\" class=\"more-link\">Forts\u00e4tt l\u00e4sa<span class=\"screen-reader-text\"> &#8221;Mess \u2013 &#8221;Onwards&#8221; 2009&#8243;<\/span><\/a><\/p>\n","protected":false},"author":1,"featured_media":457,"parent":9,"menu_order":10,"comment_status":"closed","ping_status":"closed","template":"","meta":{"footnotes":""},"_links":{"self":[{"href":"https:\/\/www.johanbjorklund.se\/index.php\/wp-json\/wp\/v2\/pages\/156"}],"collection":[{"href":"https:\/\/www.johanbjorklund.se\/index.php\/wp-json\/wp\/v2\/pages"}],"about":[{"href":"https:\/\/www.johanbjorklund.se\/index.php\/wp-json\/wp\/v2\/types\/page"}],"author":[{"embeddable":true,"href":"https:\/\/www.johanbjorklund.se\/index.php\/wp-json\/wp\/v2\/users\/1"}],"replies":[{"embeddable":true,"href":"https:\/\/www.johanbjorklund.se\/index.php\/wp-json\/wp\/v2\/comments?post=156"}],"version-history":[{"count":24,"href":"https:\/\/www.johanbjorklund.se\/index.php\/wp-json\/wp\/v2\/pages\/156\/revisions"}],"predecessor-version":[{"id":1595,"href":"https:\/\/www.johanbjorklund.se\/index.php\/wp-json\/wp\/v2\/pages\/156\/revisions\/1595"}],"up":[{"embeddable":true,"href":"https:\/\/www.johanbjorklund.se\/index.php\/wp-json\/wp\/v2\/pages\/9"}],"wp:featuredmedia":[{"embeddable":true,"href":"https:\/\/www.johanbjorklund.se\/index.php\/wp-json\/wp\/v2\/media\/457"}],"wp:attachment":[{"href":"https:\/\/www.johanbjorklund.se\/index.php\/wp-json\/wp\/v2\/media?parent=156"}],"curies":[{"name":"wp","href":"https:\/\/api.w.org\/{rel}","templated":true}]}}