{"id":151,"date":"2012-09-25T15:27:46","date_gmt":"2012-09-25T13:27:46","guid":{"rendered":"http:\/\/www.johanbjorklund.se\/?page_id=151"},"modified":"2024-03-23T22:34:44","modified_gmt":"2024-03-23T21:34:44","slug":"shine","status":"publish","type":"page","link":"https:\/\/www.johanbjorklund.se\/index.php\/skivor\/shine\/","title":{"rendered":"Johan Bj\u00f6rklund Dynamic Flavours \u2013 &#8221;Shine&#8221; 2011"},"content":{"rendered":"\n<figure class=\"wp-block-image size-full is-resized is-style-default\"><a href=\"https:\/\/www.johanbjorklund.se\/wp\/wp-content\/uploads\/2012\/09\/Shine.jpg\"><img decoding=\"async\" loading=\"lazy\" width=\"225\" height=\"202\" src=\"https:\/\/www.johanbjorklund.se\/wp\/wp-content\/uploads\/2012\/09\/Shine.jpg\" alt=\"\" class=\"wp-image-454\" style=\"object-fit:cover;width:300px;height:300px\"\/><\/a><\/figure>\n\n\n\n<figure class=\"wp-block-embed is-type-rich is-provider-spotify wp-block-embed-spotify wp-embed-aspect-21-9 wp-has-aspect-ratio\"><div class=\"wp-block-embed__wrapper\">\n<iframe title=\"Spotify Embed: Shine\" style=\"border-radius: 12px\" width=\"100%\" height=\"352\" frameborder=\"0\" allowfullscreen allow=\"autoplay; clipboard-write; encrypted-media; fullscreen; picture-in-picture\" loading=\"lazy\" src=\"https:\/\/open.spotify.com\/embed\/album\/24qEpnIMqbqsUpeoWddLZx?utm_source=oembed\"><\/iframe>\n<\/div><\/figure>\n\n\n<p>Released 8 August 2011. Record label:\u00a0<a href=\"http:\/\/www.imogena.se\/\" target=\"_blank\" rel=\"noopener noreferrer\">Imogena<\/a> (IGCD 171)\u00a0<br \/>Recorded and mixed in Studio Epidemin, Gothenburg Sweden 2010-2011.<\/p>\n<h2>Musicians<\/h2>\n<p>Johan Bj\u00f6rklund &#8211; drums<br \/>Mats Eriksson &#8211; guitar<br \/>Bj\u00f6rn Almgren &#8211; saxophone<br \/>Magnus Bergstr\u00f6m &#8211; bass<\/p>\n<h2>BUY MUSIC<\/h2>\n<p>CD: 120 sek, incl. postage (Nordic countries). Order via <a href=\"mailto:johan@johanbjorklund.se\">mail<\/a>.<br \/><a href=\"https:\/\/itunes.apple.com\/se\/album\/shine\/id572924992\" target=\"_blank\" rel=\"noopener noreferrer\">Apple Music<\/a>\u00a0<\/p>","protected":false},"excerpt":{"rendered":"<p>Released 8 August 2011. Record label:\u00a0Imogena (IGCD 171)\u00a0Recorded and mixed in Studio Epidemin, Gothenburg Sweden 2010-2011. Musicians Johan Bj\u00f6rklund &#8211; drumsMats Eriksson &#8211; guitarBj\u00f6rn Almgren &#8211; saxophoneMagnus Bergstr\u00f6m &#8211; bass BUY MUSIC CD: 120 sek, incl. postage (Nordic countries). Order via mail.Apple Music\u00a0<\/p>\n","protected":false},"author":1,"featured_media":0,"parent":9,"menu_order":10,"comment_status":"closed","ping_status":"closed","template":"","meta":{"footnotes":""},"_links":{"self":[{"href":"https:\/\/www.johanbjorklund.se\/index.php\/wp-json\/wp\/v2\/pages\/151"}],"collection":[{"href":"https:\/\/www.johanbjorklund.se\/index.php\/wp-json\/wp\/v2\/pages"}],"about":[{"href":"https:\/\/www.johanbjorklund.se\/index.php\/wp-json\/wp\/v2\/types\/page"}],"author":[{"embeddable":true,"href":"https:\/\/www.johanbjorklund.se\/index.php\/wp-json\/wp\/v2\/users\/1"}],"replies":[{"embeddable":true,"href":"https:\/\/www.johanbjorklund.se\/index.php\/wp-json\/wp\/v2\/comments?post=151"}],"version-history":[{"count":26,"href":"https:\/\/www.johanbjorklund.se\/index.php\/wp-json\/wp\/v2\/pages\/151\/revisions"}],"predecessor-version":[{"id":2454,"href":"https:\/\/www.johanbjorklund.se\/index.php\/wp-json\/wp\/v2\/pages\/151\/revisions\/2454"}],"up":[{"embeddable":true,"href":"https:\/\/www.johanbjorklund.se\/index.php\/wp-json\/wp\/v2\/pages\/9"}],"wp:attachment":[{"href":"https:\/\/www.johanbjorklund.se\/index.php\/wp-json\/wp\/v2\/media?parent=151"}],"curies":[{"name":"wp","href":"https:\/\/api.w.org\/{rel}","templated":true}]}}