{"id":1366,"date":"2019-11-13T23:23:35","date_gmt":"2019-11-13T22:23:35","guid":{"rendered":"http:\/\/www.johanbjorklund.se\/?page_id=1366"},"modified":"2024-03-23T23:27:46","modified_gmt":"2024-03-23T22:27:46","slug":"disturbance","status":"publish","type":"page","link":"https:\/\/www.johanbjorklund.se\/index.php\/skivor\/disturbance\/","title":{"rendered":"Disturbance &#8211; &#8221;Tribal Elektronix&#8221; 2019"},"content":{"rendered":"\n<figure class=\"wp-block-image is-resized\"><img decoding=\"async\" loading=\"lazy\" width=\"1024\" height=\"1024\" src=\"https:\/\/www.johanbjorklund.se\/wp\/wp-content\/uploads\/2019\/11\/TribalElektronixCoverWeb-1024x1024.jpg\" alt=\"\" class=\"wp-image-1368\" style=\"width:512px;height:512px\" srcset=\"https:\/\/www.johanbjorklund.se\/wp\/wp-content\/uploads\/2019\/11\/TribalElektronixCoverWeb-1024x1024.jpg 1024w, https:\/\/www.johanbjorklund.se\/wp\/wp-content\/uploads\/2019\/11\/TribalElektronixCoverWeb-150x150.jpg 150w, https:\/\/www.johanbjorklund.se\/wp\/wp-content\/uploads\/2019\/11\/TribalElektronixCoverWeb-300x300.jpg 300w, https:\/\/www.johanbjorklund.se\/wp\/wp-content\/uploads\/2019\/11\/TribalElektronixCoverWeb-768x768.jpg 768w, https:\/\/www.johanbjorklund.se\/wp\/wp-content\/uploads\/2019\/11\/TribalElektronixCoverWeb-100x100.jpg 100w, https:\/\/www.johanbjorklund.se\/wp\/wp-content\/uploads\/2019\/11\/TribalElektronixCoverWeb.jpg 1600w\" sizes=\"(max-width: 767px) 89vw, (max-width: 1000px) 54vw, (max-width: 1071px) 543px, 580px\" \/><\/figure>\n\n\n\n<figure class=\"wp-block-embed is-type-rich is-provider-spotify wp-block-embed-spotify wp-embed-aspect-21-9 wp-has-aspect-ratio\"><div class=\"wp-block-embed__wrapper\">\n<iframe title=\"Spotify Embed: Tribal Elektronix\" style=\"border-radius: 12px\" width=\"100%\" height=\"352\" frameborder=\"0\" allowfullscreen allow=\"autoplay; clipboard-write; encrypted-media; fullscreen; picture-in-picture\" loading=\"lazy\" src=\"https:\/\/open.spotify.com\/embed\/album\/4qPsTl9TiqdqddEnF5MNSh?si=cnSDgQstQSiCsxOYkn2rpQ&#038;utm_source=oembed\"><\/iframe>\n<\/div><\/figure>\n\n\n\n<p>Release date 2 dec 2019. Eko in Gothenburg<br>Recorded, edited and pre-mixed by Johan Bj\u00f6rklund, Studio Eternal Darkness, Gothenburg January 2018 &#8211; August 2019\u00a0<br>Mixed by Kristofer G\u00f6ransson, Studio Zen, Gothenburg, August-September 2019 <a href=\"http:\/\/www.studiolokalen.wordpress.com\">www.studiolokalen.wordpress.com<\/a> <br>Mastered by Hans Olsson Brookes, Svenska Grammofonstudion, Gothenburg, October 2019 <a href=\"http:\/\/www.svenskagrammofonstudion.com\">www.svenskagrammofonstudion.com<\/a> <br>Press and cover photos by Magnus Bergstr\u00f6m <a href=\"http:\/\/www.magnusbergstroem.se\">www.magnusbergstroem.se<\/a> <br>Cover painting by Cristina \u00c4rlestig (used with permission) <br>Cover design by Johan Bj\u00f6rklund <br>Produced by Johan Bj\u00f6rklund.\u00a0<br><br>All since the day when the 11-year old version of me was exposed to my first live music experience of Bohus Bataljon (Bohusl\u00e4n Big Band nowadays)\u00a0I have been obsessed with drums and rhythms. And I will continue to be until I take my last breath\u2026After 20+years work as a drummer\/leader\/composer in different bands and projects I have formed this outlet of artistic expression called Disturbance. <br>The first attempt started already in 2006 and resulted in the demo project\/record \u201dManipulated\u201d that never was released. <br>Until now I have to add, you can stream it online from 15 nov 2019 as a kind of teaser for my \u201dreal\u201d release. <br><br>On the new release \u201dTribal Elektronix\u201d I have turned myself inside out and used a big part of my instrument collection located in my studio \u201dEternal Darkness\u201d in Gothenburg. Inviting carefully selected friends has opened up new pathways both for them and myself. I am eternally grateful for their generous contributions to the music and I think you can hear the love and dedication put in from them. The project has had many artistic rules (set up by me) and one important has been that nobody got to prepare themselves, just create to what they heard in the headphones. To capture the fresh and really creative performances.\u00a0And you know what? I think it turned out really good!<br>Please enjoy this sweet Disturbance called \u201dTribal Elektronix\u201d\u00a0<br>Johan Bj\u00f6rklund &#8211; Gothenburg, november 2019\u00a0<\/p>\n\n\n\n<h2 class=\"wp-block-heading\">MUSICIANS<\/h2>\n\n\n\n<p>Johan Bj\u00f6rklund &#8211; drumset, percussion, african drums, gran cassa, handclaps, kalimba, electric guitar, electric bass, nordlead, korg m1, norddrum, programming, treatments, sampling, voice, growl\u00a0<br>Thomas Gunillasson &#8211; electric guitar, ableton live remix\u00a0<br>Mike Lloyd &#8211; trumpet\u00a0<br>Dona Tarokh &#8211; voice\u00a0<br>Farzaneh Moslehi &#8211; voice\u00a0<br>Signe Bj\u00f6rklund &#8211; voice\u00a0<br>Erik Ivarsson &#8211; lapsteel\u00a0<br>H\u00e5kan Hellquist &#8211; electric guitar\u00a0<br>Anders Augustsson &#8211; electric guitar\u00a0<br>Anna Bylund &#8211; voice<br>John L\u00f6nnmyr &#8211; fender rhodes\u00a0<br>Carl Svensson &#8211; electric guitar\u00a0<br>Kristofer G\u00f6ransson &#8211; synth arpeggioator\u00a0<br>Midaircondo (Lisen Rylander L\u00f6ve &amp; Lisa Nordstr\u00f6m) &#8211; sample from live performance. Used with permission from the artists<br><br>Thanks to: Kristofer G\u00f6ransson, Dona Tarokh, Anders Augustsson, Erik Ivarsson,\u00a0Anna Bylund, Thomas Gunillasson, Mike Lloyd, H\u00e5kan Hellquist, John L\u00f6nnmyr,\u00a0Signe Bj\u00f6rklund, Carl Svensson, Henrik Gadelli, Farzaneh Moslehi, Hans Olsson Brookes,\u00a0Magnus Bergstr\u00f6m, Lisen Rylander L\u00f6ve, Lisa Nordstr\u00f6m, Johan Westergren, Christina \u00c4rlestig,\u00a0Ali Reza Tarokh, Sensus, The Swedish Arts Grants Committee.\u00a0<br><br>Dedicated to the loving memory of Thommy Larsson (1973-2019).<\/p>\n\n\n\n<h2 class=\"wp-block-heading\">BUY MUSIC<\/h2>\n\n\n\n<p><a href=\"https:\/\/johanbjrklund.bandcamp.com\/album\/tribal-elektronix\">Bandcamp<\/a><br><a href=\"https:\/\/music.apple.com\/us\/album\/tribal-elektronix\/1487827651\">Apple Music<\/a><\/p>\n","protected":false},"excerpt":{"rendered":"","protected":false},"author":1,"featured_media":0,"parent":9,"menu_order":2,"comment_status":"closed","ping_status":"closed","template":"","meta":{"footnotes":""},"_links":{"self":[{"href":"https:\/\/www.johanbjorklund.se\/index.php\/wp-json\/wp\/v2\/pages\/1366"}],"collection":[{"href":"https:\/\/www.johanbjorklund.se\/index.php\/wp-json\/wp\/v2\/pages"}],"about":[{"href":"https:\/\/www.johanbjorklund.se\/index.php\/wp-json\/wp\/v2\/types\/page"}],"author":[{"embeddable":true,"href":"https:\/\/www.johanbjorklund.se\/index.php\/wp-json\/wp\/v2\/users\/1"}],"replies":[{"embeddable":true,"href":"https:\/\/www.johanbjorklund.se\/index.php\/wp-json\/wp\/v2\/comments?post=1366"}],"version-history":[{"count":8,"href":"https:\/\/www.johanbjorklund.se\/index.php\/wp-json\/wp\/v2\/pages\/1366\/revisions"}],"predecessor-version":[{"id":2486,"href":"https:\/\/www.johanbjorklund.se\/index.php\/wp-json\/wp\/v2\/pages\/1366\/revisions\/2486"}],"up":[{"embeddable":true,"href":"https:\/\/www.johanbjorklund.se\/index.php\/wp-json\/wp\/v2\/pages\/9"}],"wp:attachment":[{"href":"https:\/\/www.johanbjorklund.se\/index.php\/wp-json\/wp\/v2\/media?parent=1366"}],"curies":[{"name":"wp","href":"https:\/\/api.w.org\/{rel}","templated":true}]}}